{"id":104960,"date":"2024-09-23T04:56:39","date_gmt":"2024-09-23T02:56:39","guid":{"rendered":"https:\/\/www.indianridersfest.eu\/fotogalerie\/"},"modified":"2024-10-02T14:43:49","modified_gmt":"2024-10-02T12:43:49","slug":"fotogalerie","status":"publish","type":"page","link":"https:\/\/www.indianridersfest.eu\/cs\/fotogalerie\/","title":{"rendered":"Fotogalerie"},"content":{"rendered":"<p>[et_pb_section fb_built=&#8220;1&#8243; theme_builder_area=&#8220;post_content&#8220; _builder_version=&#8220;4.27.0&#8243; _module_preset=&#8220;default&#8220; custom_margin=&#8220;0px||0px||false|false&#8220; custom_padding=&#8220;0px||0px||false|false&#8220; hover_enabled=&#8220;0&#8243; sticky_enabled=&#8220;0&#8243;][et_pb_row _builder_version=&#8220;4.27.0&#8243; _module_preset=&#8220;default&#8220; theme_builder_area=&#8220;post_content&#8220; width=&#8220;85%&#8220; hover_enabled=&#8220;0&#8243; sticky_enabled=&#8220;0&#8243;][et_pb_column _builder_version=&#8220;4.27.0&#8243; _module_preset=&#8220;default&#8220; type=&#8220;4_4&#8243; theme_builder_area=&#8220;post_content&#8220;][et_pb_heading title=&#8220;V\u00fdb\u011br \u00fa\u017easn\u00fdch fotografi\u00ed z minul\u00fdch ro\u010dn\u00edk\u016f Indian Riders Festu&#8220; _builder_version=&#8220;4.27.0&#8243; _module_preset=&#8220;default&#8220; theme_builder_area=&#8220;post_content&#8220; title_font=&#8220;|||on|||||&#8220; hover_enabled=&#8220;0&#8243; sticky_enabled=&#8220;0&#8243;][\/et_pb_heading][et_pb_text _builder_version=&#8220;4.27.0&#8243; _module_preset=&#8220;default&#8220; theme_builder_area=&#8220;post_content&#8220; hover_enabled=&#8220;0&#8243; sticky_enabled=&#8220;0&#8243;]<\/p>\n<p style=\"text-align: left;\">Vstupte do fotogalerie Indian Riders Fest 2024! Na chv\u00edli se pono\u0159te do ru\u010dn\u011b vybran\u00e9 sb\u00edrky dechberouc\u00edch fotografi\u00ed, kter\u00e9 dokonale vystihuj\u00ed unik\u00e1tn\u00edho ducha festivalu, elektrizuj\u00edc\u00ed energii a jedine\u010dn\u00fd smysl pro pospolitost. Tyto \u00fa\u017easn\u00e9 sn\u00edmky, pe\u010dliv\u011b vybran\u00e9 pro svou schopnost zachytit podstatu Indian Riders Festu a jeho z\u00e1kladn\u00ed hodnoty, v\u00e1s jist\u011b p\u0159enesou zp\u011bt do nezapomenuteln\u00fdch okam\u017eik\u016f t\u00e9to ud\u00e1losti. Tak poj\u010fte d\u00e1l a projd\u011bte si galerii &#8211; \u010dek\u00e1 v\u00e1s vizu\u00e1ln\u00ed cesta!   <\/p>\n<p style=\"text-align: left;\">Nahl\u00e9dn\u011bte do IRF: <a href=\"http:\/\/www.indianridersfest.eu\/video-clips\/\" title=\"Nejzaj\u00edmav\u011bj\u0161\u00ed videa\">Nejzaj\u00edmav\u011bj\u0161\u00ed videa z<\/a> p\u0159edchoz\u00edch ro\u010dn\u00edk\u016f<\/p>\n<p>[\/et_pb_text][\/et_pb_column][\/et_pb_row][et_pb_row _builder_version=&#8220;4.22.1&#8243; _module_preset=&#8220;default&#8220; global_colors_info=&#8220;{}&#8220; theme_builder_area=&#8220;post_content&#8220;][et_pb_column type=&#8220;4_4&#8243; _builder_version=&#8220;4.22.1&#8243; _module_preset=&#8220;default&#8220; global_colors_info=&#8220;{}&#8220; theme_builder_area=&#8220;post_content&#8220;][\/et_pb_column][\/et_pb_row][\/et_pb_section]<\/p>\n","protected":false},"excerpt":{"rendered":"<p>Vstupte do fotogalerie Indian Riders Fest 2024! Na chv\u00edli se pono\u0159te do ru\u010dn\u011b vybran\u00e9 sb\u00edrky dechberouc\u00edch fotografi\u00ed, kter\u00e9 dokonale vystihuj\u00ed unik\u00e1tn\u00edho ducha festivalu, elektrizuj\u00edc\u00ed energii a jedine\u010dn\u00fd smysl pro pospolitost. Tyto \u00fa\u017easn\u00e9 sn\u00edmky, pe\u010dliv\u011b vybran\u00e9 pro svou schopnost zachytit podstatu Indian Riders Festu a jeho z\u00e1kladn\u00ed hodnoty, v\u00e1s jist\u011b p\u0159enesou zp\u011bt do nezapomenuteln\u00fdch okam\u017eik\u016f t\u00e9to [&hellip;]<\/p>\n","protected":false},"author":1,"featured_media":0,"parent":0,"menu_order":0,"comment_status":"closed","ping_status":"closed","template":"","meta":{"_et_pb_use_builder":"on","_et_pb_old_content":"","_et_gb_content_width":"","footnotes":""},"class_list":["post-104960","page","type-page","status-publish","hentry"],"_links":{"self":[{"href":"https:\/\/www.indianridersfest.eu\/cs\/wp-json\/wp\/v2\/pages\/104960","targetHints":{"allow":["GET"]}}],"collection":[{"href":"https:\/\/www.indianridersfest.eu\/cs\/wp-json\/wp\/v2\/pages"}],"about":[{"href":"https:\/\/www.indianridersfest.eu\/cs\/wp-json\/wp\/v2\/types\/page"}],"author":[{"embeddable":true,"href":"https:\/\/www.indianridersfest.eu\/cs\/wp-json\/wp\/v2\/users\/1"}],"replies":[{"embeddable":true,"href":"https:\/\/www.indianridersfest.eu\/cs\/wp-json\/wp\/v2\/comments?post=104960"}],"version-history":[{"count":12,"href":"https:\/\/www.indianridersfest.eu\/cs\/wp-json\/wp\/v2\/pages\/104960\/revisions"}],"predecessor-version":[{"id":105595,"href":"https:\/\/www.indianridersfest.eu\/cs\/wp-json\/wp\/v2\/pages\/104960\/revisions\/105595"}],"wp:attachment":[{"href":"https:\/\/www.indianridersfest.eu\/cs\/wp-json\/wp\/v2\/media?parent=104960"}],"curies":[{"name":"wp","href":"https:\/\/api.w.org\/{rel}","templated":true}]}}

<p>[et_pb_section fb_built=&#8220;1&#8243; theme_builder_area=&#8220;post_content&#8220; _builder_version=&#8220;4.27.0&#8243; _module_preset=&#8220;default&#8220; custom_margin=&#8220;0px||0px||false|false&#8220; custom_padding=&#8220;0px||0px||false|false&#8220; hover_enabled=&#8220;0&#8243; sticky_enabled=&#8220;0&#8243;][et_pb_row _builder_version=&#8220;4.27.0&#8243; _module_preset=&#8220;default&#8220; theme_builder_area=&#8220;post_content&#8220; width=&#8220;85%&#8220; hover_enabled=&#8220;0&#8243; sticky_enabled=&#8220;0&#8243;][et_pb_column _builder_version=&#8220;4.27.0&#8243; _module_preset=&#8220;default&#8220; type=&#8220;4_4&#8243; theme_builder_area=&#8220;post_content&#8220;][et_pb_heading title=&#8220;Výběr úžasných fotografií z minulých ročníků Indian Riders Festu&#8220; _builder_version=&#8220;4.27.0&#8243; _module_preset=&#8220;default&#8220; theme_builder_area=&#8220;post_content&#8220; title_font=&#8220;|||on|||||&#8220; hover_enabled=&#8220;0&#8243; sticky_enabled=&#8220;0&#8243;][/et_pb_heading][et_pb_text _builder_version=&#8220;4.27.0&#8243; _module_preset=&#8220;default&#8220; theme_builder_area=&#8220;post_content&#8220; hover_enabled=&#8220;0&#8243; sticky_enabled=&#8220;0&#8243;]</p>
<p style="text-align: left;">Vstupte do fotogalerie Indian Riders Fest 2024! Na chvíli se ponořte do ručně vybrané sbírky dechberoucích fotografií, které dokonale vystihují unikátního ducha festivalu, elektrizující energii a jedinečný smysl pro pospolitost. Tyto úžasné snímky, pečlivě vybrané pro svou schopnost zachytit podstatu Indian Riders Festu a jeho základní hodnoty, vás jistě přenesou zpět do nezapomenutelných okamžiků této události. Tak pojďte dál a projděte si galerii &#8211; čeká vás vizuální cesta!   </p>
<p style="text-align: left;">Nahlédněte do IRF: <a href="http://www.indianridersfest.eu/video-clips/" title="Nejzajímavější videa">Nejzajímavější videa z</a> předchozích ročníků</p>
<p>[/et_pb_text][/et_pb_column][/et_pb_row][et_pb_row _builder_version=&#8220;4.22.1&#8243; _module_preset=&#8220;default&#8220; global_colors_info=&#8220;{}&#8220; theme_builder_area=&#8220;post_content&#8220;][et_pb_column type=&#8220;4_4&#8243; _builder_version=&#8220;4.22.1&#8243; _module_preset=&#8220;default&#8220; global_colors_info=&#8220;{}&#8220; theme_builder_area=&#8220;post_content&#8220;][/et_pb_column][/et_pb_row][/et_pb_section]</p>

<p>Vstupte do fotogalerie Indian Riders Fest 2024! Na chvíli se ponořte do ručně vybrané sbírky dechberoucích fotografií, které dokonale vystihují unikátního ducha festivalu, elektrizující energii a jedinečný smysl pro pospolitost. Tyto úžasné snímky, pečlivě vybrané pro svou schopnost zachytit podstatu Indian Riders Festu a jeho základní hodnoty, vás jistě přenesou zpět do nezapomenutelných okamžiků této [&hellip;]</p>
